63
What is the remainder when 69280783 is divided by 482?
31
Calculate the remainder when 159104 is divided by 2447.
49
What is the remainder when 12844843 is divided by 2215?
58
Calculate the remainder when 8251182 is divided by 684.
90
Calculate the remainder when 425250 is divided by 38599.
661
What is the remainder when 6241728 is divided by 1560421?
44
Calculate the remainder when 447674 is divided by 49707.
311
What is the remainder when 115735 is divided by 2624?
279
Calculate the remainder when 859369 is divided by 13.
4
Calculate the remainder when 2391013 is divided by 715.
53
What is the remainder when 732192 is divided by 482?
34
What is the remainder when 37007824 is divided by 513?
4
What is the remainder when 551104 is divided by 86?
16
Calculate the remainder when 120094 is divided by 59976.
142
What is the remainder when 27726665 is divided by 6?
5
What is the remainder when 118536 is divided by 2518?
190
Calculate the remainder when 2364739 is divided by 123.
64
Calculate the remainder when 1393949 is divided by 71.
6
Calculate the remainder when 202885617 is divided by 14.
11
What is the remainder when 725769 is divided by 145150?
19
What is the remainder when 650796 is divided by 8791?
262
What is the remainder when 9648875 is divided by 1862?
1853
What is the remainder when 737803721 is divided by 57?
53
Calculate the remainder when 6574358 is divided by 149.
31
What is the remainder when 71126 is divided by 34027?
3072
Calculate the remainder when 786402 is divided by 22.
12
Calculate the remainder when 1337266 is divided by 107.
87
Calculate the remainder when 309920985 is divided by 4025.
10
What is the remainder when 681992310 is divided by 39?
12
Calculate the remainder when 5363265 is divided by 1340816.
1
What is the remainder when 3958562 is divided by 2992?
146
What is the remainder when 228273 is divided by 1903?
1816
Calculate the remainder when 6987787 is divided by 60.
7
What is the remainder when 137418 is divided by 882?
708
What is the remainder when 207801 is divided by 69267?
0
What is the remainder when 466887 is divided by 6709?
3966
Calculate the remainder when 889505 is divided by 55594.
1
Calculate the remainder when 20930116 is divided by 139534.
16
Calculate the remainder when 5156153 is divided by 43329.
2
What is the remainder when 151923 is divided by 2234?
11
What is the remainder when 322328 is divided by 151?
94
What is the remainder when 7128930 is divided by 3109?
3102
What is the remainder when 6712402 is divided by 745821?
13
What is the remainder when 10685141 is divided by 177?
5
Calculate the remainder when 61265 is divided by 264.
17
Calculate the remainder when 234632 is divided by 1618.
22
What is the remainder when 3849929 is divided by 6851?
6518
Calculate the remainder when 1782518 is divided by 1243.
56
What is the remainder when 3994876 is divided by 39553?
23
Calculate the remainder when 89700 is divided by 12810.
30
What is the remainder when 18758035 is divided by 39?
10
What is the remainder when 875819 is divided by 2393?
2374
Calculate the remainder when 194320 is divided by 64733.
121
Calculate the remainder when 58440494 is divided by 127.
47
Calculate the remainder when 4236546 is divided by 1412180.
6
What is the remainder when 2832110 is divided by 163?
148
Calculate the remainder when 49802388 is divided by 607346.
16
Calculate the remainder when 1673966 is divided by 20167.
105
What is the remainder when 23551534 is divided by 4272?
4270
What is the remainder when 42940049 is divided by 293?
20
What is the remainder when 125305243 is divided by 31326309?
7
What is the remainder when 1110316 is divided by 4174?
32
What is the remainder when 89530 is divided by 52?
38
What is the remainder when 247423 is divided by 27484?
67
What is the remainder when 15925490 is divided by 1702?
1578
Calculate the remainder when 6762720 is divided by 483050.
20
What is the remainder when 1483295 is divided by 2991?
2750
What is the remainder when 1581763 is divided by 526904?
1051
Calculate the remainder when 14129 is divided by 3401.
525
Calculate the remainder when 3166252 is divided by 6054.
10
Calculate the remainder when 4541484 is divided by 109.
108
Calculate the remainder when 70108 is divided by 285.
283
What is the remainder when 337404 is divided by 18341?
7266
What is the remainder when 108094 is divided by 70?
14
Calculate the remainder when 2006733 is divided by 1345.
1338
What is the remainder when 737571 is divided by 11002?
437
Calculate the remainder when 49073023 is divided by 64.
63
What is the remainder when 120687 is divided by 3873?
624
Calculate the remainder when 870547 is divided by 870462.
85
What is the remainder when 30503 is divided by 197?
165
Calculate the remainder when 4297876 is divided by 30055.
11
What is the remainder when 45439271 is divided by 1228088?
15
What is the remainder when 301016081 is divided by 29?
25
What is the remainder when 39219 is divided by 279?
159
Calculate the remainder when 697052 is divided by 37.
9
Calculate the remainder when 250082 is divided by 1403.
348
Calculate the remainder when 22523653 is divided by 5630909.
17
Calculate the remainder when 2272592 is divided by 1136178.
236
What is the remainder when 4705295 is divided by 224061?
14
What is the remainder when 139912374 is divided by 125?
124
Calculate the remainder when 69802643 is divided by 2571.
2564
Calculate the remainder when 15212594 is divided by 3042513.
29
Calculate the remainder when 2552210 is divided by 283572.
62
What is the remainder when 3368976 is divided by 3569?
3409
What is the remainder when 47899283 is divided by 12?
11
Calculate the remainder when 33557473 is divided by 389.
388
Calculate the remainder when 17239595 is divided by 655.
650
Calculate the remainder when 18994036 is divided by 3165647.
154
Calculate the remainder when 3976974 is divided by 7.
1
Calculate the remainder when 161545 is divided by 2071.
7
Calculate the remainder when 17116148 is divided by 5705337.
137
What is the remainder when 239491 is divided by 3196?
2987
Calculate the remainder when 5591591 is divided by 1397886.
47
Calculate the remainder when 114887 is divided by 859.
640
Calculate the remainder when 8423022 is divided by 492.
474
Calculate the remainder when 3536220 is divided by 252580.
100
Calculate the remainder when 35558469 is divided by 4175.
4169
What is the remainder when 37613 is divided by 6258?
65
Calculate the remainder when 163093 is divided by 14787.
436
Calculate the remainder when 3050191 is divided by 5.
1
Calculate the remainder when 109347839 is divided by 3360.
3359
Calculate the remainder when 120348706 is divided by 5281.
5278
What is the remainder when 5427690 is divided by 1168?
1162
What is the remainder when 11774243 is divided by 19?
0
Calculate the remainder when 1526259 is divided by 4081.
4046
What is the remainder when 64719898 is divided by 21573295?
13
What is the remainder when 315653 is divided by 26210?
1133
What is the remainder when 36015 is divided by 11839?
498
Calculate the remainder when 524571 is divided by 262282.
7
What is the remainder when 797914333 is divided by 1067?
1063
What is the remainder when 144088846 is divided by 432?
430
What is the remainder when 902294 is divided by 37595?
14
Calculate the remainder when 32414605 is divided by 14.
13
What is the remainder when 1088593211 is divided by 41?
38
Calculate the remainder when 71204 is divided by 22870.
2594
What is the remainder when 20341321 is divided by 10170657?
7
What is the remainder when 3997133 is divided by 572?
569
What is the remainder when 15772400 is divided by 103?
10
Calculate the remainder when 805287 is divided by 135.
12
Calculate the remainder when 1638621 is divided by 310.
271
Calculate the remainder when 2494395 is divided by 4123.
4103
Calculate the remainder when 281052 is divided by 28092.
132
What is the remainder when 897613 is divided by 179518?
23
What is the remainder when 2133887 is divided by 857?
814
What is the remainder when 6996 is divided by 379?
174
What is the remainder when 68091 is divided by 66?
45
Calculate the remainder when 26323761 is divided by 24018.
33
Calculate the remainder when 34620684 is divi